10). Suppose 9*j - t = q*j. Is j prime?
False
Suppose -h + 4157 = 15506. Let d = h - -17395. Is d prime?
False
Let h(j) = 24*j - 204. Let u be h(25). Suppose 2*b = t + 2735, -4*t + u = -2*b + 3122. Is b composite?
True
Suppose -4*u + 193 - 755 = -g, 5*g - 2876 = -2*u. Suppose p - 6*p = w - g, w + 4*p = 573. Let o = -258 + w. Is o composite?
False
Let z(n) = -3*n**2 + 7*n - 13. Let d = 96 - 86. Let c be z(d). Let r = c - -550. Is r composite?
False
Suppose -96*u - 1705350 = -246*u. Is u a composite number?
False
Let r(i) = 11*i + 2. Let n = 33 + -37. Let h be r(n). Let y = h + 719. Is y prime?
True
Suppose -5*q + 2*i + 82 = 0, -5*q + 4*i + 70 = -i. Let y be (-4)/6*q/(-4). Suppose -270 = -y*f - 3*a, -6*a + a - 480 = -5*f. Is f a prime number?
False
Suppose 429*b - 6650407 = 460*b - 62044586. Is b prime?
True
Suppose -5*v + 4*q = -42994, -5*q - 13649 + 39438 = 3*v. Suppose x + 2*j - 4427 = 0, j = -3*x + 4658 + v. Is x composite?
True
Let g = 1 + 1. Suppose -46 = 2*u - 0*t + g*t, 3*u + t + 59 = 0. Is (-4)/u + (1 - (-91840)/63) prime?
True
Let q(v) = 9*v + 20. Let x be q(-2). Suppose 0 = 2*d + x*k - 17992, 8990 = d - 2*k + 5*k. Is d a composite number?
False
Let f(u) = 690*u + 53. Let h(b) = -230*b - 17. Let j(r) = 2*f(r) + 7*h(r). Is j(-3) a prime number?
True
Let w be 2*4/((-24)/(-15)). Suppose 4*q + 10 = 4*t + 54, -5 = -w*q. Is 1/(t/15)*(-596)/6 a prime number?
True
Let l = 19 - 16. Suppose -11 = -l*i - 2. Suppose -4*x + 3*o + 7021 = 0, 5*o - i*o = 2*x - 3508. Is x composite?
False
Let j be (-32 - -24)*(0 - -1). Let i(b) = -15*b**3 - 2*b**2 + 15*b + 19. Is i(j) composite?
False
Let c = -44607 + 290650. Is c a composite number?
True
Let m = 138253 - 96675. Is m a composite number?
True
Let m(s) = 350*s - 49. Let g = 265 + -256. Is m(g) a prime number?
False
Let h = -2154 + 3846. Let y = 4429 + -1940. Let f = y - h. Is f a prime number?
True
Let w(i) = -i**2 + 25*i + 90. Let q be w(31). Is (-144)/q - (-27518)/4 prime?
False
Let k(b) = -2 - 3831*b + 10 + 4082*b. Is k(7) a prime number?
False
Let w = 74 + -69. Suppose -10 = -2*f - 2, -14 = -w*k - f. Suppose -3*y = -5*r - k*y + 2062, -3*y + 1661 = 4*r. Is r a composite number?
True
Suppose -2*a - 9*a + 286 = 0. Let o(b) = 21*b - a*b + 0 - 4 + 16*b**3. Is o(3) prime?
False
Let y be (4 + 0)*-1 + 9*51. Let t = y - 221. Let v = -47 + t. Is v a composite number?
True
Suppose -5*w + 5*z + 10220 = 0, 11*z - 4097 = -2*w + 10*z. Is w a prime number?
False
Let v = 63684 - 29680. Suppose -4*h + v = 4*x, -h = x + 2*h - 8497. Is x a prime number?
False
Let y(x) = -10641*x - 3535. Is y(-8) a composite number?
True
Suppose 3*a + 41587 = 2*m, -4*m - 4*a = -99390 + 16246. Is m a composite number?
False
Let a = 71192 - 26353. Is a prime?
True
Suppose 0 = 7*t + 2*t. Suppose -5 = -m - t*m, -a = -2*m. Is 2/a + ((-4608)/(-10))/6 a prime number?
False
Let p = 60 - 56. Suppose -o = -p*b + 8319, 0*o = -5*b - 4*o + 10425. Is b a composite number?
False
Suppose -906 = 8*f - 7*f. Let k be (-2)/(f/(-227) + -4). Let i = -121 + k. Is i prime?
False
Let i = 16181 - 10969. Is (-7)/((-14)/i) + 5 composite?
True
Is (-184)/(1*2)*(257601/(-204) - 57) composite?
True
Let q(n) = n**3 + 9*n**2 - 8*n - 3. Let k be q(6). Let l(t) = -233*t - 66. Let z be l(-4). Let g = z - k. Is g composite?
True
Suppose -4 - 11 = -5*s. Suppose -2*n = h - 141, -s*h = 2*n - 0*n - 427. Is h composite?
True
Is 11100474/294 + -2*3/(-21) a prime number?
False
Let o(n) = 109*n**2 + n - 1. Suppose -2*a = -7*a - 15. Is o(a) composite?
False
Let s = -107986 + 196485. Is s a prime number?
True
Suppose 4*c - 10 = -3*u, -2 = u - 19*c + 15*c. Suppose 2*r - 4172 = 4*k, -r - 3*k + 6222 = u*r. Is r a composite number?
True
Suppose 3*w = 3*x - 1164, 3*x + 3*w = 1095 + 57. Suppose 36*o - 49*o = -104. Suppose -x - 1206 = -o*n. Is n composite?
False
Suppose -w = -3*c - 225272, 49*c = -4*w + 52*c + 901043. Is w composite?
False
Suppose 3*l + 2*t - 14 = 0, -5*l + 11 = -l - 5*t. Suppose 7*g + 12043 = 8*g - l*f, -24093 = -2*g + f. Is g prime?
False
Suppose 0 = 12*v - 14*v + 14. Suppose v*h = 5*h + 1710. Suppose -2*j + h + 179 = 0. Is j a composite number?
True
Let x(u) = u**3 + 8*u**2 + 10*u + 21. Let a be x(-7). Suppose a*q - 5*r = q + 1057, -q = -2*r + 1029. Is 6 - 10 - -5 - (q + -1) a composite number?
False
Let h be 0 + -6 - -6 - -7. Suppose 7415 - 1192 = h*o. Is o prime?
False
Suppose -107 + 26 = -9*i. Suppose 0 = 7*n - i - 12. Suppose -1489 = -n*g + 344. Is g prime?
False
Let d be 2/(13/91*(-49)/14). Let f(g) be the first derivative of 47*g**3/3 - 15*g + 1. Is f(d) a composite number?
True
Suppose 5*u = 5*h + 5260, -h - 1032 = -4*u + 7*u. Let l = 2026 + h. Is l a composite number?
True
Let a be (36/(-6))/(3/(-20)). Is 24621/9 + (a/(-12))/5 a prime number?
False
Let n(z) = -2*z**3 - 17*z**2 - 8*z - 18. Let p be n(-8). Is 14105 - (-4)/12*p composite?
True
Is (-498299)/(-4) - 2079/(-924) prime?
True
Suppose 25 - 1 = 2*r. Suppose 3*w - 5*w = -r. Suppose -664 = 2*v - w*v. Is v a prime number?
False
Is (-110)/66 + (31506304/(-12))/(-8) prime?
False
Suppose -82565 = -4*l + 3*r, 70*l = 72*l - 3*r - 41287. Is l prime?
True
Suppose -2*b - 3*m + 102682 = 0, 256705 = 5*b + 16*m - 11*m. Is b prime?
True
Suppose -20*r + 2546105 + 2222574 = 511599. Is r composite?
True
Let d(o) = 2226*o**3 + 2*o**2 + 3*o - 4. Let c be 5/2 + 6/(-4). Is d(c) a composite number?
True
Let c(z) = 90*z**2 + 107*z - 400. Is c(-33) prime?
True
Let h = 181061 + -102358. Is h a prime number?
False
Let t(l) = 512*l**2 - 27*l - 60. Is t(25) composite?
True
Suppose -395 - 395 = -5*t. Suppose -12*l - 26 + t = 0. Suppose 44744 = l*d + 12833. Is d a prime number?
False
Let t = 51 - 46. Suppose t*f - q + 3*q = 19, 2*f - 3*q = 0. Suppose -f*o + 5*o = 3722. Is o a prime number?
True
Let f be 84/(-36) + 4/(-6). Is 5 - 4 - (-1)/(f/(-2070)) prime?
True
Suppose -5*u + 3*u + 4 = 0. Let g = 3 + u. Suppose 5*n - g*q = -3*q + 4557, 3*n - 3*q = 2736. Is n prime?
True
Let t be (-55)/(-2) - (-7)/14. Suppose -9*j + 2*j + t = 0. Suppose 0 = 2*g + 4, -j*c - 1046 + 4640 = g. Is c composite?
True
Let j(p) = 5*p + 419. Suppose -12 = 9*m - 13*m. Suppose 4*z = -4*b - 12, -2*z = -m*b + 9 - 3. Is j(b) a prime number?
True
Suppose -71 = -8*c - 15. Suppose -5*h = -5*n - 10, -h - c = 5*n - 3*n. Is n/(-12) - (-6566)/8 a composite number?
False
Suppose -4 = z + 4*w + 10, -4*w - 18 = -z. Suppose -g - 5*r - 14 = 0, 3*g - 3*r = -z*r + 22. Suppose 0 = 11*k - g*k - 10785. Is k a composite number?
True
Let v be 4/140*-5 - 100/(-14). Suppose -v*g = -10*g + 50157. Is g composite?
True
Let l = 3142 - 2091. Let m = l - -148. Is m composite?
True
Let r be (696/48)/((-1)/(-708)). Let c = 18479 - r. Is c composite?
True
Suppose 4*w - 5*s - 32 = 0, -w + 0*s + 8 = -3*s. Suppose -8*o + 12*o = w. Suppose 5*b - 2745 = -0*b - 5*k, o*b - 5*k = 1070. Is b a prime number?
False
Let g be ((-4)/(-7) - 3/(-7)) + 31. Suppose g*a - 526540 = 4*a. Is a composite?
True
Let k(q) = 83203*q - 1183. Is k(2) composite?
True
Let q(z) = -239*z**2 + 17*z - 4. Let d be q(4). Let v = -483 - d. Is v prime?
False
Let m = 2873606 - 1989277. Is m prime?
False
Suppose -743396 - 16860627 = 21*x - 94*x. Is x prime?
False
Is (-10)/4*((-23112324)/180 - 25) composite?
True
Suppose 0 = 2*b + 397*c - 399*c - 3408448, 0 = 2*c - 10. Is b a composite number?
False
Let k = 15166 - 2145. Is k a prime number?
False
Suppose 3 + 19 = 2*m. Suppose m = -c + 13. Is 888 + c - (-3 + 2 - -2) prime?
False
Let z = -16027 + 3579. Let k = -8457 - z. Is k a composite number?
True
Let m(y) = -16*y**3 - 32*y**2 - 171*y - 43. Is m(-12) a composite number?
True
Is (-2 - (-33)/18) + (-14)/24*-7202 composite?
False
Let q = -237 - -225. Is 2/(-3) + (-67484)/q a prime number?
True
Let y(s) = s**2 + 33*s + 170. Let c be y(-26). Is (-9)/c + 0 - (-101766)/24 a composite number?
False
Suppose -10*n = -8*n + 14, -5*n + 641230 = 5*y. Is y composite?
True
Suppose 7 + 1 = j. Let t be (-158)/(-16) - (-1)/j. Is 4/t*1545/3 prime?
False
Let s be 121/2 - (18/(-4) + 3). Let v = s + -59. Suppose -12*p + 6003 = -v*p. Is p prime?
False
Let a(o) = 3*o**2 - 44*o + 976. Is a(-81) a prime number?
True
Is ((-599476)/8)/((-6)/12) a prime number?
False
Suppose 5*m = -u + 470491, -3*u - 17*m + 18*m = -1411505. Is u a composite number?
False
Let u(p)